
Let g(n) = 4*n**2 - 4*n + 3. Let v(w) = 3*w - 37. Let m be v(11). What is the tens digit of g(m)?
8
Let w(m) = 2*m**2 - 10*m - 4. Let g(n) = n**3 + n**2 - n + 1. Let u be g(2). What is the tens digit of w(u)?
2
Let f(j) be the second derivative of 2*j**3 - 49*j**2/2 - 9*j. What is the tens digit of f(16)?
4
Let w = 38 - -55. Let k = w + -53. What is the tens digit of k?
4
Let m be (-3 - -2) + -60 + -1. Let i = 24 - m. What is the tens digit of i?
8
Let x = -5991 - -8962. What is the thousands digit of x?
2
Suppose 5*x - 636 - 1029 = 0. What is the tens digit of x?
3
Suppose 2*i = 6*i + 8. Suppose 2277 = -7*k - 75. What is the units digit of i/(-5) - k/35?
0
What is the thousands digit of -4 - 1 - (112 + -1674)?
1
Let m(h) = -4*h - 14. Suppose -6*i + 10*i - 12 = 0. Suppose -2*j - 9 = i*d + j, -d + 4*j = 23. What is the tens digit of m(d)?
1
Suppose 4*c - 2*c = 0, 4*b + 2*c - 400 = 0. Suppose 4*w - 2*w + b = 0. Let o = 108 + w. What is the units digit of o?
8
Suppose 3*q - 2*n + 53 = -7*n, 3*q = -2*n - 41. Let d = 67 + q. What is the tens digit of d?
5
Let i(v) = -2*v - 3. Let u be i(4). Let j = 12 + u. Let d = 5 - j. What is the units digit of d?
4
Let c = 12 + -6. Let d = 2 + c. Suppose 4*o + d = -0*o, u + 5*o = 20. What is the units digit of u?
0
Let m(i) = 8*i**2 + i. Suppose 3*v - 3*h - 6 = 0, 7 + 5 = 2*v - 4*h. Let c be (v - 2)*6/(-8). What is the tens digit of m(c)?
7
Let m = 38 - 26. Suppose -2*p - 7 = -41. Let x = p - m. What is the units digit of x?
5
Let d(r) = 3*r**3 - 105*r**2 - 54*r - 47. What is the units digit of d(36)?
7
Suppose 33 - 43 = -5*l. Suppose -4*k = -l*c - 22, 1 = k - 4*c - 1. What is the units digit of k?
6
Let a = 10 - 13. What is the units digit of (4 - (-14)/2) + a?
8
Suppose -g = -2*f - 562, 1725 = 2*g + 4*f + 601. What is the hundreds digit of g?
5
Let h(d) = -4*d**3 - 2*d**2 + 6*d + 1. Suppose 12*t - 12 = 15*t. What is the units digit of h(t)?
1
Let v be ((-111)/15 + 1)*-30. Suppose 22 = 5*f + v. Let x = f - -54. What is the units digit of x?
0
Let i(z) = -4*z**3 - 25*z**2 - 3*z + 8. What is the hundreds digit of i(-7)?
1
Let s(t) = 9*t - 13. Let y(m) = -4*m + 6. Let q(k) = 6*s(k) + 14*y(k). Let r be q(-4). Let x = r + -10. What is the units digit of x?
4
What is the hundreds digit of 3364/16 + (-36)/(-48)?
2
Suppose 616 = 9*s - 329. What is the units digit of 17715/s - (-4)/14?
9
Suppose -50 = 2*q - p, -143 = 5*q - 0*p + 2*p. Let u = -27 - q. Suppose -3*m - 4*s = -u*m - 143, -2*m = -2*s - 114. What is the tens digit of m?
5
Let d be 23/(-2) + (-27)/18. What is the units digit of ((-2)/(-2))/(d/(-2548))?
6
Suppose 27*a = 30*a - 27. What is the tens digit of 17*(8/(-12) - -1)*a?
5
Let q be 8/(-36) + (-9051)/(-27). Suppose 8*w = 13*w - q. What is the units digit of w?
7
Let w be 1 + -5 - (-10 - -2). Suppose 0 = w*t - 31 - 173. What is the units digit of t?
1
Suppose 2*g - 3*g = -6. Let n(s) = 2*s**3 - 16*s**2 + 25*s - 4. Let r(j) = j**3 - 8*j**2 + 12*j - 2. Let q(t) = 4*n(t) - 9*r(t). What is the tens digit of q(g)?
2
Let y(z) = 17*z**2 - 14*z + 1. What is the tens digit of y(-5)?
9
Let u(j) = 5*j. Suppose 20 = -3*x - 13. Let l(f) = -11*f. Let r(s) = x*u(s) - 6*l(s). What is the tens digit of r(2)?
2
Let g(t) = -4*t**2 - t - 1. Let s be g(-1). What is the units digit of 33/1 - 3/(-7 - s)?
4
What is the tens digit of (18 + -1680)*(-2)/6*1?
5
What is the hundreds digit of ((-28)/35 - 1002/10)*-1?
1
Let v(c) = 24*c - 74. Let g(q) = -25*q + 73. Let l(j) = -5*g(j) - 4*v(j). What is the units digit of l(9)?
2
Let u(r) = r**3 + 5*r**2 + 2*r - 4. Let d be u(-4). Suppose -i - 3*p + 13 = -11, -34 = -i - 5*p. What is the units digit of -40*i/((-90)/d)?
6
Let y(t) = -t**3 - 24*t**2 + 27*t + 55. What is the units digit of y(-25)?
5
Suppose -36*b - 50787 = -63*b. What is the tens digit of b?
8
Suppose 5*c + 5 = 3*y + 2, 2*y = -c + 2. Let s be (2 - (-2 + 3))*c. Suppose 12 = 2*t - s*t. What is the units digit of t?
6
Suppose -4*q + 3*p = -231, q - 5*p + 255 = 5*q. Suppose 25*t - 20*t = q. What is the units digit of t?
2
Suppose -2*s = -8 + 2. Suppose 3*m - l = 2*l, s*l - 16 = -m. Suppose -m*q - 16 = 0, -u + 4*q + 76 = 4*u. What is the tens digit of u?
1
Let m = -1671 - -3069. What is the thousands digit of m?
1
Let c = -246 - -746. What is the hundreds digit of c?
5
Suppose 2*w - 6804 = -2594. What is the thousands digit of w?
2
Let t(i) = i**2 - 4. Let x be 3/2*(69/(-9) + 5). What is the tens digit of t(x)?
1
Suppose -10*r + 11*r = -10*r. Suppose r = -9*o + 5*o + 168. What is the tens digit of o?
4
Let b = -308 - -298. Let k = 1 + -2. Let n = k - b. What is the units digit of n?
9
Suppose 2*j = 7*j - 25. Let v be (-2)/(-3 + j) + 9. What is the units digit of (-3)/(-6)*v - 1?
3
Suppose 118*k - 114*k = 3488. What is the tens digit of k?
7
Let x(p) be the third derivative of 0*p - 7/24*p**4 - 1/3*p**3 + 0 - 1/60*p**5 - p**2. What is the units digit of x(-5)?
8
Let z = -3443 + 5301. What is the units digit of z?
8
Suppose -8*y + 10*y = -5*t + 2402, -2394 = -2*y - t. What is the hundreds digit of y?
1
Suppose 5*i + 15 = 0, -14*z + 4*i = -11*z - 363. What is the units digit of z?
7
Suppose 2*v - 487 = -3*o, -3*o = -4*v - 299 - 212. What is the units digit of o?
5
What is the units digit of ((-78)/(-12) - 2)/((-5)/(-870))?
3
Let d be -5*(4 + (-44)/10). Suppose 0 = d*w, w = 4*m + 2*w - 52. Let n(h) = 3*h + 10. What is the tens digit of n(m)?
4
Let g be ((-8)/12)/((-2)/333). Let d = g + -88. What is the tens digit of d?
2
What is the hundreds digit of (2 - 624)/(-6*(-2)/(-78))?
0
Let r(p) = 16*p**3 + 8*p**2 + 5*p + 2. What is the hundreds digit of r(4)?
1
Suppose -b + 2 = 4*i - 20, 5*b - 2*i = 0. Let p be (-336)/(-54) - b/9. Suppose 23 = p*f - 31. What is the units digit of f?
9
Suppose -19*l + 5232 = 5*l. What is the hundreds digit of l?
2
Suppose -4*f + 3*r + 3178 = 0, -2*r - 788 = -f + 2*r. What is the hundreds digit of f?
7
Suppose -2*q = 5*b + 2*q - 3665, q + 3640 = 5*b. What is the units digit of b?
9
Let g be 1 + (4 + -5 - -16). Suppose 5*b - g = b. Suppose b*f - 8 - 8 = 0. What is the units digit of f?
4
Let t be ((-2)/4)/((-3)/48 + 0). Suppose t*l = 86 + 546. What is the units digit of l?
9
Let k(u) = -11*u - 1. Let d be k(-5). Suppose 3*c = -4*p + 42, -5*p = -2*c + 5*c - d. What is the units digit of p?
2
Suppose -2*t = -3*i - 61, 2*t + t - 69 = -3*i. Suppose 9*c - 4*c = -4*w - t, -w - 10 = 3*c. What is the units digit of c + -1 - (3 + -24)?
8
Suppose -38 = -4*d + 2*g + 5006, 3*d - g - 3781 = 0. What is the units digit of d?
9
Let j(m) = 4*m - 15. Let w be (-12)/9*-3 - -2. What is the units digit of j(w)?
9
Let w(u) = 2*u**2 - 6*u - 3. What is the units digit of w(-7)?
7
Suppose -4*d - d + 152 = -w, 5*d - 154 = 2*w. Let p be 735/(-11) - d/165. Let k = -44 - p. What is the tens digit of k?
2
Let r(x) be the third derivative of -x**6/40 - 7*x**5/120 - x**4/24 + 2*x**2. Let c(k) be the second derivative of r(k). What is the tens digit of c(-3)?
4
Suppose -s = s - 3*w - 104, -3*w + 12 = 0. Suppose 2*q = j + 392 - s, -4*q = 5*j - 696. What is the tens digit of q?
6
Suppose -u = 4*a - 2671, 46*u = 5*a + 50*u - 3336. What is the tens digit of a?
6
Let g = -58 - -130. Let h(y) = -y**3 - 29*y**2 - 98*y + 53. Let r be h(-25). Suppose 0 = -4*z + r*z + g. What is the units digit of z?
2
Let g = 48 - 44. Suppose 380 = n + g*n. What is the tens digit of n?
7
Let x be (-24)/(-16) - (-42)/4. Let p(y) = -9 + y + 3 + x. What is the tens digit of p(8)?
1
Suppose 0 = -2*w + 138 + 1482. What is the hundreds digit of w?
8
Suppose 0 = -3*u - 5*k + 6125, k - 4081 = 47*u - 49*u. What is the units digit of u?
0
Suppose 669 = 8*x - 363. Suppose -2*p + 46 = 228. Let w = p + x. What is the tens digit of w?
3
Let m(v) = 1263 - 1267 + 48*v**2 - 4*v - 4*v**2. What is the tens digit of m(-2)?
8
Suppose 4*f = -4*t + 8604, 4*f - 2157 = -5*t + 4*t. What is the units digit of t?
9
Suppose 5 = 4*x - 3. Suppose -4*r = -f - 11, 4*f - 1 + 17 = x*r. Let j(m) = 6*m. What is the units digit of j(r)?
2
Suppose 104617 + 125447 = 48*l. What is the units digit of l?
3
Suppose 3*o - 276 = o. Let j = o + -89. What is the tens digit of j?
4
Suppose -20*q + 26*q = 4398. What is the units digit of q?
3
Suppose -7*b = -4*b + 624. What is the units digit of 2/5 + b/(-5)?
2
Le